 4 + (-1 - -1).
4
What is the value of (6 + 5 - 7) + -5?
-1
Evaluate 0 + -4 + 3 + 0.
-1
What is -1 + -1 + -1 + 4?
1
-9 + 10 - (2 + -7)
6
Evaluate -1 + 3 + 0 + (2 - 6).
-2
What is -2 - (-2 + 2 - 1)?
-1
22 - 27 - (4 + -2)
-7
What is the value of 8 - (7 - (-2 + 5)) - -2?
6
What is 0 + -4 - (-5 + 3)?
-2
Calculate 2 + (2 - (1 - 0)) + -2.
1
What is the value of 3 + 1 - (9 + (9 - 17))?
3
(6 - -1) + -123 + 124
8
What is 1 + 1 + -1 + 3?
4
Calculate 23 + -19 + -1 + -5.
-2
Calculate 4 - 7 - (-3 - (0 + -1)).
-1
What is -11 + 3 - (-9 + 7)?
-6
Calculate (5 - -4) + 1 - 6.
4
What is -2 - (-4 - (0 + 0 - 7))?
-5
What is -8 - (-1 - (5 + -5) - 9)?
2
What is 5 + 6 - (20 + -6)?
-3
What is (-7 - -7 - 7) + 0?
-7
-6 + 6 + -8 - 3 - -7
-4
4 - (2 - (-8 + (0 - -2)))
-4
What is the value of -6 + 2 - -6 - (0 - 1)?
3
What is the value of 19 - 15 - (1 - 0 - -7)?
-4
What is the value of (6 - -15) + -27 + -1 + -1?
-8
What is -3 - (2 + (4 + -16 - -6))?
1
What is the value of (0 - 0) + -118 + 117?
-1
What is the value of 4 + 0 + -3 + -6?
-5
Calculate (2 - (-2 + 0 + 8)) + 0.
-4
Evaluate (-20 - -3) + 8 + (1 - -3).
-5
Evaluate -1 - (3 + 1 + -2).
-3
14 + (7 + -1 - (69 - 56))
7
What is the value of 1 - (6 + 3 + -1 - 4)?
-3
What is (7 + -9 - -6) + -2 + 2?
4
What is the value of -1 - (5 - 3 - 8)?
5
Calculate -6 - (0 + 1 - 4).
-3
What is -11 + 14 - (-1 - -1)?
3
What is the value of (-1 - (3 - 0)) + 6?
2
What is the value of -12 - (-12 - (10 - 16))?
-6
Calculate (-8 - 7) + 5 + 6.
-4
Calculate 5 + (0 - 1) + (-16 - -7).
-5
Calculate -5 - (2 + 4 + -13).
2
(0 + 2 - -2) + (-7 - 0)
-3
What is the value of 13 + ((-7 - -3) + 3 - 6)?
6
1 + -4 + -14 + 12 + 9
4
Calculate 83 - 85 - (-1 + 5 - 1).
-5
What is 0 + (-6 - -2) + -2 + -1?
-7
Evaluate -9 + (2 - (10 - 10)).
-7
Calculate (-2 + 5 - 2) + -3.
-2
What is the value of -3 - (9 + -19 + 4 + 0)?
3
Evaluate 2 + -4 - (0 - 0).
-2
What is the value of 18 + -1 + -6 + -2?
9
Calculate -5 - 1 - -12 - (-1 + 5).
2
Calculate (8 - (-2 + 9)) + 1 + -2.
0
What is the value of (10 - 6) + -8 + -5?
-9
What is (-3 - -1) + 0 + (-1 - -4)?
1
What is the value of -2 + 5 + (-4 - (-1 - 2))?
2
0 + 2 + 2 + -5
-1
What is -2 - (-2 + (6 - 3) - 0)?
-3
What is the value of (1 - -5 - 10) + 7?
3
What is the value of -11 - (3 + 0 + -2 + -3)?
-9
Calculate 4 + -2 + -2 + (-2 - -4).
2
(-3 - -2 - 2) + (1 - 0)
-2
-1 - -3 - (10 - 9) - 3
-2
(3 - -4) + 16 + -28
-5
What is the value of 1 + 3 - (0 - (2 - 5))?
1
What is 2 - (-2 + 6) - -5?
3
Evaluate 5 + -4 + (4 + -3 - 3).
-1
What is 0 + (-4 - -10) - 2?
4
What is the value of 1 - (-2 - -7 - 6) - -5?
7
What is the value of (-5 + 2 - -1) + -10 + 15?
3
8 + -6 + (-1 + 3 - 3)
1
Calculate -21 + 13 + 3 + 2.
-3
What is the value of (-4 - -1) + (40 - 29)?
8
What is the value of -3 - ((-16 - -4) + 6)?
3
Evaluate 4 - 1 - ((-2 - -2) + 2).
1
Calculate -1 + 1 + -32 + 30.
-2
Evaluate 13 + -4 + (-11 - 1).
-3
Calculate -3 + (1 - 0) + (3 - -1).
2
Calculate -1 - -6 - (-13 + 23 - 9).
4
What is the value of -3 - (16 + -7 + -5)?
-7
Calculate 3 + (-3 - ((-4 - -5) + 3)).
-4
Evaluate (0 - 11) + 11 + -3 + 1.
-2
Evaluate -1 + 6 + (10 - 14).
1
What is the value of 2 + (-1 - -1) + -7?
-5
-24 - (8 - 27) - (-3 + 0)
-2
Evaluate 26 + -31 - ((2 - 4) + 2).
-5
What is the value of 1 - 2 - (1 + 3 + -4)?
-1
What is the value of (0 - 0) + (0 - -4) + 1?
5
What is 10 + (-6 - -1) - 3?
2
What is the value of -2 + (8 - (-5 + 12))?
-1
Calculate -11 + (-11 - -11) - -15.
4
What is -9 + 4 + -5 - -4?
-6
What is the value of -2 + 1 - (-6 - -4)?
1
Evaluate 0 + -2 + (7 - 10).
-5
Evaluate 6 + -6 - -12 - 7.
5
12 + -3 - (14 + -2)
-3
(-22 - -4) + 10 + 0
-8
What is the value of -2 - 1 - ((-6 - -9) + -1)?
-5
Evaluate 1 + (-6 - -4 - 3) - 2.
-6
-1 - (-19 - -26 - (-2 + 16))
6
What is (2 - (-3 + 5 - 0)) + 1?
1
Calculate (-7 - 0) + -36 + 38.
-5
Calculate 3 + -4 + (0 - 2 - -3).
0
Evaluate -2 - (2 + -19 - -11).
4
7 + 4 + 4 + -10 + 0
5
What is the value of (-11 + 4 - 1) + 4?
-4
Evaluate 8 - (-1 + (-2 - 1) + 8).
4
What is (-6 - -1 - -1) + 8 + -3?
1
Calculate 10 + -10 + -1 + 2.
1
What is the value of 5 - (1 + (15 - 7))?
-4
Calculate 0 + 7 + (-4 - -1) - 2.
2
What is 1 - 4 - (3 + -1 - 1)?
-4
What is -4 + (6 - (1 + -2)) + -1?
2
0 + 0 + -2 + 4 + 4
6
5 + -4 + 0 + -1 + -2
-2
Evaluate -36 + 29 - (-10 - (1 + 2)).
6
What is -1 - -1 - (-3 + 6)?
-3
Calculate -8 + 6 + (-7 - -4).
-5
What is 4 - 1 - (5 - 3)?
1
0 + -3 + -5 - -7
-1
(5 + -1 - 8) + 6
2
What is the value of 56 + -54 - (-1 + 2 - 1)?
2
-2 - -3 - (-23 - -18)
6
Evaluate 1 - (1 + (8 - 4)).
-4
Calculate (12 - 5) + -4 + 0.
3
What is the value of 0 + (1 - 1) - (-6 - -7)?
-1
(-11 - -16) + 2 + -3
4
What is the value of 5 + -1 + (-1 - -2)?
5
(-1 - -2) + -17 + 14 - 1
-3
What is 1 + 0 - (4 + -3)?
0
Evaluate -5 + 3 + 1 - (-5 - -1).
3
Evaluate 9 + -9 - -7 - 2.
5
-7 - -2 - (0 + -6)
1
Calculate -7 + (2 - (0 - (3 - 1))).
-3
What is the value of 1 + (-1 - 2) + 3?
1
What is the value of 12 - 11 - (2 - 0 - 2)?
1
Evaluate (-6 - -3) + -13 + 8 + 0.
-8
Calculate -3 + 1 - (0 - 0) - 0.
-2
What is (6 - 11) + 12 - -3?
10
What is the value of -15 + 6 - -18 - 8?
1
Evaluate -7 - -6 - (9 - 5).
-5
What is (4 - 2) + -6 - (1 - 3)?
-2
(-2 - -3) + (-3 - -12) + -9
1
Calculate 0 + 0 + 3 + -4 + -5.
-6
What is the value of -7 + 13 - (1 + 0)?
5
Evaluate -1 + (2 - (0 - 10)) + -6.
5
What is the value of -3 + (2 - (-6 - -4))?
1
Evaluate 5 - (1 + 0 + 0 - -3).
1
What is -5 - (-9 - (5 + -3))?
6
Calculate -5 + 1 - -1 - (-138 - -135).
0
Evaluate (9 - 0 - (11 - 9)) + 1.
8
11 + -8 + -7 + 3 - -1
0
What is the value of 9 + -11 + (1 - -1) + 4?
4
Calculate 7 + (-11 - -1 - -7).
4
What is (-7 - (4 + 4)) + 11?
-4
What is the value of 2 + 0 - (-7 + 7) - 7?
-5
Evaluate 1 - (8 + 7 + -5 + -7).
-2
What is 7 - (-5 + 3 + 7)?
2
Calculate (1 - 6) + -3 + 6.
-2
What is the value of 3 - (3 - (4 - (-4 + 4)))?
4
What is the value of -5 + 1 + (142 - 141)?
-3
Evaluate -3 + 2 - (-7 + (0 - 0)).
6
Calculate (-2 - 0) + (-9 - -11).
0
Calculate 2 - 3 - -1 - 5.
-5
What is the value of 4 + -4 + 5 - (-1 - -7)?
-1
What is the value of 1 - 7 - (20 + -26)?
0
What is the value of -37 + 40 - (1 + -2 - -1)?
3
What is -13 + (-2 - -13 - (8 - 5))?
-5
Calculate 5 - (2 + 3) - -3.
3
What is the value of 3 - ((-3 - 3) + 4)?
5
What is -7 + 27 + -13 + (0 - 2)?
5
Calculate 11 + 2 + -2 - (-20 - -22).
9
What is 2 - (-18 - (-27 + 14))?
7
(-13 - (9 - 16)) + (7 - -1)
2
Calculate 0 + -12 - (-1 + -5).
-6
What is -2 + (0 - -9 - (-121 + 122))?
6
What is the value of 9 - (15 + -8 + 2)?
0
What is the value of 1 + -2 + -6 + 10?
3
What is the value of -32 - -35 - (-1 - -5)?
-1
3 + (-4 + 0 - (-1 - 5))
5
Calculate -2 + 1 - (-47 - -45).
1
What is the value of -1 - 3 - (-2 + -4 + 2)?
0
Calculate (1 - -4) + -2 + 14 + -21.
-4
Evaluate -4 + (4 - (-2 + 10)) + -1.
-9
What is the value of -3 - (-3 - 0 - (7 + -8))?
-1
Evaluate 4 - (4 - 1 - -6).
-5
Calculate (15 - (-6 - -13) - -5) + -4.
9
What is -4 - (-3 + 11 - (17 + -13))?
-8
What is (10 - 8) + (-2 - -1 - -4)?
5
Evaluate 6 + (0 + -4 - 2).
0
What is the value of 41 - 41 - (-1 + -4)?
5
Evaluate (8 + 5 - 16) + (-1 - 1).
-5
Calculate 2 + -6 - (2 - 0 - 5).
-1
What is -16 + 13 - (-8 - -2)?
3
2 + -3 - (-3 - -4)
-2
Calculate 187 + -184 - (1 + -2 - -7).
-3
(3 - 7) + (1 - 0)
-3
What is -17 - (2 + -10 - 1)?
-8
Calculate -2 - ((-1 - -1) + 2).
-4
Calculate 0 + (-3 - -6) - 7.
-4
What is the value of 1 - 2 - (-8 + 10)?
-3
What is -3 - (-4 + 6 + -3) - -3?
1
What is the value of (0 - -4) + (40 - 45)?
-1
Evaluate 3 - ((-35 - -44) + -4 + -1).
-1
What is -1 + (-2 - (-5 + 1 + 0))?
1
Evaluate 5 + -5 + 12 + -6 - -1.
7
Calculate (4 - (7 - 2)) + 6.
5
1 - 5 - (-188 + 176)
8
-1 + (7 - (4 + -3))
5
Evaluate 3 + (3 - 0) + -4.
2
What is 3 + (-4 - 10) + 7?
-4
3 - (9 + (-11 - -10))
-5
Calculate -3 + (-7 - (1 + -3) - -7).
-1
What is the value of 0 - -3 - (13 + -8)?
-2
Calculate -2 + -1 + (7 - 8).
-4
What is the value of 3 + (0 - -3) + (16 - 19)?
3
(-21 - -28) + (-4 - 2)
1
Calculate (2 - 9) + -10 + 11 + 2.
-4
Evaluate (-2 - -4) + 5 - (3 - -1).
3
What is (-5 - (4 - 0)) + 4?
-5
What is -19 + (4 - (4 + -13))?
-6
-3 + -2 + -3 + 10 - 5
-3
What is the value of -8 + 3 + 2 + -2?
-5
Evaluate 5 - (-16 + 8) - 10.
3
Calculate (11 + -11 - -7) + -6.
1
What is (-12 - -11) + 2 + -6?
-5
What is -129 + 124 - (1 + 0 + 1)?
-7
-2 - (-5 - 0) - 5
-2
Evaluate -1 + 0 - ((-6 - -1) + 9).
-5
Calcu